{"id":2,"date":"2016-05-10T03:48:21","date_gmt":"2016-05-10T03:48:21","guid":{"rendered":"https:\/\/codieren.ch\/?page_id=2"},"modified":"2019-01-04T14:47:16","modified_gmt":"2019-01-04T14:47:16","slug":"sample-page","status":"publish","type":"page","link":"https:\/\/codieren.ch\/","title":{"rendered":"Dienstleistungen der Lerchm\u00fcller AG"},"content":{"rendered":"\n<p>Unter dieser Website bieten wir kundenspezifische Dienstleistungen rund um das Thema codierter, nummerierter und personalisierter Produkte an.<\/p>\n\n\n\n<h3 class=\"wp-block-heading\">Nummerieren oder Barcodieren<\/h3>\n\n\n\n<p>Sei es f\u00fcr den elektronischen Zahlungsverkehr mit Post und Bank, f\u00fcr die Nachverfolgbarkeit oder wenn Dokumente zu Unikaten werden, eine individuelle Nummerierung und\/oder Barcodierung ist das richtige Werkzeug, um Ihre logistischen Prozesse abzusichern. Wir bieten L\u00f6sungen f\u00fcr alle g\u00e4ngigen Technologien und f\u00fcr mechanische Nummeriersysteme.<\/p>\n\n\n\n<p>Kaum ein Dokument, das keinen Barcode tr\u00e4gt. Sobald administrative Abl\u00e4ufe automatisiert werden, m\u00fcssen Daten maschinell lesbar sein. Im Medizinal- oder Laborbereich, wo Verwechslungen nicht vorkommen d\u00fcrfen, bieten Etiketten und Formulare mit Barcode zus\u00e4tzliche Sicherheit.<\/p>\n\n\n\n<p>Wir beraten Sie gerne \u00fcber die M\u00f6glichkeiten.<\/p>\n\n\n\n<div class=\"wp-block-media-text alignwide\" style=\"grid-template-columns:46% auto\"><figure class=\"wp-block-media-text__media\"><img loading=\"lazy\" decoding=\"async\" width=\"600\" height=\"600\" src=\"https:\/\/codieren.ch\/wp-content\/uploads\/2019\/01\/image.png\" alt=\"\" class=\"wp-image-23\" srcset=\"https:\/\/codieren.ch\/wp-content\/uploads\/2019\/01\/image.png 600w, https:\/\/codieren.ch\/wp-content\/uploads\/2019\/01\/image-150x150.png 150w, https:\/\/codieren.ch\/wp-content\/uploads\/2019\/01\/image-300x300.png 300w\" sizes=\"(max-width: 600px) 100vw, 600px\" \/><\/figure><div class=\"wp-block-media-text__content\">\n<h3 class=\"wp-block-heading\">Thomas Erni\ufeff<\/h3>\n\n\n\n<p>Erweiterte Gesch\u00e4ftsleitung | Leitung Verkauf<br>Etiketten | Mailings | Formulare<\/p>\n\n\n\n<p>Tel. +41 56 463 61 87<br><a href=\"mailto:thomas.erni@lerchmueller.ch\">thomas.erni@lerchmueller.ch<\/a><\/p>\n<\/div><\/div>\n","protected":false},"excerpt":{"rendered":"<p>Unter dieser Website bieten wir kundenspezifische Dienstleistungen rund um das Thema codierter, nummerierter und personalisierter Produkte an. Nummerieren oder Barcodieren Sei es f\u00fcr den elektronischen Zahlungsverkehr mit Post und Bank, f\u00fcr die Nachverfolgbarkeit oder wenn Dokumente zu Unikaten werden, eine individuelle Nummerierung und\/oder Barcodierung ist das richtige Werkzeug, um Ihre logistischen Prozesse abzusichern. Wir bieten&hellip;&nbsp;<a href=\"https:\/\/codieren.ch\/\" class=\"\" rel=\"bookmark\">Weiterlesen &raquo;<span class=\"screen-reader-text\">Dienstleistungen der Lerchm\u00fcller AG<\/span><\/a><\/p>\n","protected":false},"author":1,"featured_media":0,"parent":0,"menu_order":0,"comment_status":"closed","ping_status":"open","template":"","meta":{"neve_meta_sidebar":"","neve_meta_container":"","neve_meta_enable_content_width":"","neve_meta_content_width":70,"neve_meta_title_alignment":"","neve_meta_author_avatar":"","neve_post_elements_order":"","neve_meta_disable_header":"","neve_meta_disable_footer":"","neve_meta_disable_title":"","footnotes":""},"class_list":["post-2","page","type-page","status-publish","hentry"],"_links":{"self":[{"href":"https:\/\/codieren.ch\/index.php?rest_route=\/wp\/v2\/pages\/2"}],"collection":[{"href":"https:\/\/codieren.ch\/index.php?rest_route=\/wp\/v2\/pages"}],"about":[{"href":"https:\/\/codieren.ch\/index.php?rest_route=\/wp\/v2\/types\/page"}],"author":[{"embeddable":true,"href":"https:\/\/codieren.ch\/index.php?rest_route=\/wp\/v2\/users\/1"}],"replies":[{"embeddable":true,"href":"https:\/\/codieren.ch\/index.php?rest_route=%2Fwp%2Fv2%2Fcomments&post=2"}],"version-history":[{"count":15,"href":"https:\/\/codieren.ch\/index.php?rest_route=\/wp\/v2\/pages\/2\/revisions"}],"predecessor-version":[{"id":35,"href":"https:\/\/codieren.ch\/index.php?rest_route=\/wp\/v2\/pages\/2\/revisions\/35"}],"wp:attachment":[{"href":"https:\/\/codieren.ch\/index.php?rest_route=%2Fwp%2Fv2%2Fmedia&parent=2"}],"curies":[{"name":"wp","href":"https:\/\/api.w.org\/{rel}","templated":true}]}}